 is s(-3)?
3
Let d(l) = 9 + l - 4*l + l. Let y(j) = 3*j. Let g be y(2). Calculate d(g).
-3
Let a = -39 + 59. Suppose -c - a = -6*c. Let v(h) = -c*h - 7 + 0*h + 3*h. What is v(-4)?
-3
Let t(i) be the third derivative of i**6/120 - i**4/24 - i**3/3 + 4*i**2. Determine t(2).
4
Let j(m) be the second derivative of 0 + 1/12*m**4 + 0*m**2 - 1/6*m**3 - 4*m. Let x be (-1 - 1)/(-2 + 1). Give j(x).
2
Suppose -h - 5 = -0. Let l = 6 - 11. Let y(m) = -m**2 + 7*m + 3. Let a(c) = -3*c**2 + 15*c + 6. Let o(k) = l*y(k) + 2*a(k). Calculate o(h).
-3
Let p(w) = -w**2 + 4*w - 1. Suppose 3*u - 3*y = -y + 19, 3*u = -y + 13. Suppose 12 = -u*s - 18. Let h(v) = v + 9. Let j be h(s). Determine p(j).
2
Let x(p) be the second derivative of p**4/6 - 5*p**3/6 - 3*p**2/2 - 9*p. Calculate x(4).
9
Suppose 2*l - 9 + 5 = 0. Suppose -5*w + l*w - 5 = -2*h, 3*h + w = -9. Let z(d) = d**2 + d - 2. Calculate z(h).
0
Let u = 1 - -1. Let i = -2 + u. Let p(m) = -m - 8. Give p(i).
-8
Let b(g) = 4*g - 2 + 4 - 2. Calculate b(-1).
-4
Let l(q) be the first derivative of q**4/4 - 4*q**3/3 - 5*q + 5. Give l(4).
-5
Let v(f) = -2*f + 3 - f + 4*f - 4. Give v(-1).
-2
Let f(m) = -m - 5. Let x(h) = -5*h - 24. Let g(o) = -11*f(o) + 2*x(o). Give g(-5).
2
Let v(u) be the third derivative of -u**5/30 + u**4/24 - u**3/6 - 4*u**2. Give v(1).
-2
Let a be 2*(9/6 + -3). Let v be a - (-7 - (1 + -2)). Let q(g) = -4*g**2 + 0*g**3 - 3 + g**v + g + 4. What is q(4)?
5
Let j be (-1 - -2) + 2/(-2). Let w(b) = b**3 - b**2 + b + 9. Give w(j).
9
Let t(a) = 6*a**2 - 5*a + 4. Let y(p) = -11*p**2 + 9*p - 7. Suppose -w + 5 = 1. Let h(d) = w*y(d) + 7*t(d). Calculate h(-1).
-3
Suppose -j - 4*a = -2*j + 6, -3*a = 2*j - 12. Let c be (10/4)/((-3)/j). Let k(d) = 2*d - 5 + 1 + 3. Give k(c).
-11
Let b(h) be the third derivative of h**5/120 - h**4/24 + 2*h**3/3 - h**2. Let q(p) be the first derivative of b(p). Suppose 0 = -2*u + 2 - 10. Calculate q(u).
-5
Let l be -4*2 + (0 - -2). Let h(f) = -3*f - 1. Let r(w) = -13*w - 4. Let u(y) = -9*h(y) + 2*r(y). Let b be u(l). Let p(i) = -i**3 - 6*i**2 - 6*i - 4. Give p(b).
1
Let u(a) = 3*a - 2. Let z be (-48)/21 + 14/49. Determine u(z).
-8
Let q(j) = 2*j**2 + 14*j - 27. Let y(r) = r**2 + 7*r - 14. Let w(k) = -4*q(k) + 7*y(k). What is w(-8)?
2
Let h(a) = -4*a + 3. Let s(n) = -n + 5. Let x be 14/4 - 3/6. Let w be s(x). Let p be h(w). Let f(o) = o**2 + 5*o - 4. Give f(p).
-4
Let h = 5 - -1. Let w(y) be the first derivative of -y**2 + 3*y - 32. Give w(h).
-9
Let t(j) = 4*j**2 - 2*j - 1. Suppose -3*s - 4*n + n = 3, -4*s + 2*n = -26. Let f = s - -2. Let r be 3/9 - 8/f. Determine t(r).
5
Let l(g) = -3*g**2 - 12 - g**3 + 4*g - 4*g + 10 - g. What is l(-2)?
-4
Let v(y) be the first derivative of y**7/840 - y**6/120 - y**5/30 - y**4/24 - y**3 - 6. Let t(x) be the third derivative of v(x). What is t(4)?
-1
Let n(v) be the second derivative of 7*v**3/6 + 5*v**2/2 + 2*v. Give n(-4).
-23
Let m(k) be the first derivative of -3*k**2/2 - k - 1. Suppose -3*x + 8*x + 10 = 5*w, -2*w + 2 = -x. What is m(x)?
5
Let b(s) = s**3 - s**2 + s. Let d(z) = -3*z**3 + 5*z**2 - 7*z + 3. Let q(n) = -4*b(n) - d(n). Let x be 12/10*(-5)/2. Let o be ((-3)/x)/(2/4). What is q(o)?
-9
Let f(x) be the second derivative of 2*x**3/3 - 3*x. Suppose 5*o - 18 = 4*b, -3*b = -8*b - o - 8. What is f(b)?
-8
Let g(z) = 2*z + 27. Let v be g(-11). Let u(h) be the third derivative of -1/60*h**v - 2*h**2 + 0 - 1/8*h**4 + 0*h + 2/3*h**3. Give u(-4).
0
Let p(a) = -a - 3*a + a**3 + 4*a**2 - 1 + 0. Determine p(-4).
15
Suppose 3*t = -t. Let y(k) = k**2 - 8*k + 4. Let p be y(8). Suppose 0 = -p*w - t*w - 4. Let r(d) = 5*d**3 + d**2. Calculate r(w).
-4
Let r(a) be the third derivative of a**4/8 + a**3/2 - a**2. Suppose 10 = 5*u - 0. Let d = u + -5. Give r(d).
-6
Let d(s) be the third derivative of -s**5/60 + s**4/6 - 2*s**3/3 - 5*s**2. What is d(3)?
-1
Let c(x) = -3*x + 8. Let h(p) = p**2 - 16*p + 8. Let t be h(16). What is c(t)?
-16
Let s(w) = -w**2 - w - 7. Let v = -9 - -8. Let z be 1*v/2*0. Determine s(z).
-7
Let s(m) = m**3 + 7*m**2 - 10*m - 7. Let y be (-1)/(-2)*2*1 - 9. Determine s(y).
9
Let u(k) = k**2 - 2. Let m(y) = 2*y**2 + y**2 - 6*y - 4 - 4*y**2. Let b be m(-5). Let i be 2/b + (-1 - -1). Calculate u(i).
2
Let p(y) = y**2 - 8*y + 6. Let j = -13 - -19. What is p(j)?
-6
Let p = 6 + -4. Suppose -p = -0*i - i. Let u(n) = 1 - 2*n - 3*n**2 + 4*n**2 - 1. Determine u(i).
0
Let n(r) = r - 1. Let j be n(4). Let w(s) = 5*s**2 - 2*s - 5. Let q(u) = -4*u**2 + u + 4. Let a(b) = 6*q(b) + 5*w(b). Calculate a(j).
-4
Let c(v) = v**3 + 10*v**2 + 11*v + 1. Let i(o) = 2*o**3 + 19*o**2 + 22*o + 3. Let p(f) = 5*c(f) - 2*i(f). Determine p(-11).
-1
Let l(z) = z**3 - z**2 - z + 4. Suppose 0 = -2*t + 4 - 0. Suppose 10 = -3*n + 5*s, s = -t*n + 5*s - 8. What is l(n)?
4
Let m = 2/25 + 21/50. Let v(c) be the first derivative of 0*c + 2 - m*c**2. Calculate v(-3).
3
Let h(l) = -2*l - 2. Let i(b) = -3*b - 3. Let p(x) = -4*h(x) + 3*i(x). Let v be (-1)/2*(0 - 6). Let a(z) = -z**3 + 4*z**2 - 2*z. Let c be a(v). Calculate p(c).
-4
Let k = -2 + 4. Let l(r) = -4*r + 0*r + 6 + 0*r**2 - r**k. Let f be 0 + -2 - (5 - 2). Give l(f).
1
Let k(l) = l**3 + 3*l**2 - l. Let t be k(-3). Let g(s) = s**2 + 2 - 4 + t - 2*s. Determine g(-2).
9
Let m be (-14)/(-10) - 20/50. Let x(u) be the second derivative of -u**3/6 + u. Let y be x(m). Let f(s) = 4*s**2 + s + 1. What is f(y)?
4
Let q be 2/6 + (-14)/(-3). Suppose 0 = 3*i + o - 8, -i + o + q = -o. Let a(z) be the third derivative of -z**5/60 + 2*z**3/3 + 2*z**2. Calculate a(i).
-5
Let s(g) = g**2 - 4*g + 1. Let x be -2 + 15/12*4. What is s(x)?
-2
Let x(i) = i + 9. Let q be (-12)/3 + 0/1. What is x(q)?
5
Let y(g) be the first derivative of -g**2/2 + 9*g + 25. Give y(4).
5
Suppose -2*d - 18 = d. Let a(n) = n**2 + n + 1. Let r(p) = p**2 - 5*p - 7. Let s(g) = 2*a(g) - r(g). Give s(d).
3
Let y(m) be the second derivative of -3/2*m**2 + 2*m - 1/20*m**5 + 0*m**3 + 1/3*m**4 + 0. What is y(3)?
6
Let w(s) = -s**3 + 4*s**2 - 2. Let c be (0 + 0)/3 + -3. Let u be (-1)/((-1)/(0 - c)). What is w(u)?
7
Let m(x) = 6 - 49*x + 15*x + 15*x + 16*x. Give m(4).
-6
Let k(i) be the second derivative of i**3/6 + 2*i. Let r be k(-5). Let d(u) = u**2 + 7*u + 3. Calculate d(r).
-7
Let b(o) = 3*o + 2. Suppose 0 = -2*u + 6 - 2. Let l be 0/u + -5 - -2. What is b(l)?
-7
Let l(x) = x**2 - 5*x + 6. Let h be (50/15 - 2)*3. Give l(h).
2
Let h(a) be the first derivative of -a**4/4 + a**3/3 + a**2/2 + a - 21. Give h(2).
-1
Let j = 18 + -15. Let w(n) = n**2 - 5*n + 4. What is w(j)?
-2
Let x(u) = u**2 + 5*u - 7. Let m be x(-5). Let i = m + 10. Suppose z = i*z - 8. Let a(n) = -n + 1. Give a(z).
-3
Let p(i) = -i + 2. Let z = -10 + 11. Let n(q) = 3*q**3 + q**2 - q. Let u be n(z). Determine p(u).
-1
Let o = -9 + 11. Let n(q) = -6*q - q**2 + 0*q**2 + 4*q**2 - o*q**2 - 3. What is n(6)?
-3
Let a(v) = -v - 1. Let s(k) = 4*k - 3. Let r(d) = 9*d - 6. Let i(n) = 3*r(n) - 7*s(n). Let b(f) = 2*a(f) + i(f). What is b(-3)?
10
Suppose -4*i + 15 = 5*w + i, 4*i - 12 = 2*w. Let f(c) = 0 - 4*c**3 + 3*c**3 - c + 2. Give f(w).
2
Let b(x) = -x + 1. Suppose 20 = 5*o - 10*o. Give b(o).
5
Let x(k) = -k**2 + k + 1. Let t(z) = -2*z**2 + 7*z + 5. Let j(g) = -t(g) + x(g). Let p be j(7). Let a(y) = 4 - y**2 - 24*y + 50*y - 24*y. Calculate a(p).
1
Suppose 9*o - 30 = 4*o. Let i(t) be the first derivative of 3*t**2 + 5 - 6*t + 5/3*t**3 - 1/4*t**4. Calculate i(o).
-6
Let x(w) be the third derivative of 0 - 4*w**2 + 0*w - 1/3*w**3 + 1/24*w**4. Calculate x(-7).
-9
Let s(i) = -5*i - 8. Let d be s(-2). Let u(t) = 6*t - 3. Calculate u(d).
9
Let t(o) be the first derivative of -2 + 0*o**5 + 1/2*o**2 + 0*o + 1/3*o**3 + 0*o**4 - 1/120*o**6. Let y(z) be the second derivative of t(z). What is y(0)?
2
Let w(g) be the second derivative of -g + 1/6*g**3 + 0 + g**2. Suppose 0 = 2*q + q - 3*r - 6, -r - 6 = 3*q. Give w(q).
1
Let n(o) = o**3 + o**2 + o + 1. Let t(l) = -l**3 + 5*l**2 - 3*l - 3. Let p be t(3). Let q = p + -7. Calculate n(q).
0
Let u(c) = c**2 - 8*c + 10. Let l be u(7). Let x(t) = -t**3 + 2*t**2 + 3*t. What is x(l)?
0
Let i(j) be the third derivative of 3*j**5/20 - j**3/6 - 31*j**2. Calculate i(1).
8
Let i(o) = 6*o + 1. Let m(f) = -18*f - 2. Let a(v) = -10*i(v) - 3*m(v). Let x be 3*2*(-70)/(-30). Let t(d) = d + 1. Let h(r) 